119 = 0. Calculate the remainder when 67 is divided by o.
16
Calculate the remainder when (13/((-117)/(-60)))/((-5844)/(-486) + -12) is divided by 39.
36
Let y(a) = 231*a + 2475. What is the remainder when 1482 is divided by y(-10)?
162
Suppose 3*y + 333 = 5*r, -3*y - y + 223 = 3*r. Suppose 0 = -4*i - 3*g + r, -8 - 10 = -2*i + 4*g. What is the remainder when 84 is divided by i?
9
Let n = 24 - 27. Let i = n - -6. Suppose 3 = i*r - 51. Calculate the remainder when 87 is divided by r.
15
Suppose -2*h + 2*a = -88, 2*h + 5*a - 94 = 4*a. Suppose 2*g + 2 = 0, 5*u + 3 - 46 = -2*g. What is the remainder when h is divided by u - (0 + -1)*3?
10
Let x(h) = -4*h**3 - h**2. Let s be x(-1). Let m(w) = 4*w**2 + 0*w + 4*w + s - 613*w**3 + 612*w**3. Calculate the remainder when m(4) is divided by 11.
8
Let x(c) = c**2 + 27*c - 14. Let g = 8 + -29. Let t = 62 + g. What is the remainder when t is divided by x(-28)?
13
Suppose -2*z + d = 4*d - 28, -d - 20 = -3*z. Let m = -5 + z. Suppose -m*a = -5*t + 10, -2*t + t + 15 = 2*a. What is the remainder when t is divided by 2?
1
Suppose -8*k + 7*k + 3*j + 5 = 0, 0 = 2*k + 5*j - 43. Suppose -11*b - 243 = -k*b. Calculate the remainder when b is divided by 15.
6
Suppose 19*l + 8280 = -6483. Calculate the remainder when 123 is divided by 84/(-1302) + l/(-31).
23
Suppose -t + 85 = -2*k, 275 = 65*t - 61*t + 5*k. Calculate the remainder when 268 is divided by t.
43
Suppose 2*a - y = 26 + 42, -80 = -3*a - 4*y. Suppose -101*b = -123*b + 15444. Calculate the remainder when b is divided by a.
30
Suppose 12*v - 56 - 352 = 0. What is the remainder when 711 is divided by v?
31
Let u = 3985 - -2454. Calculate the remainder when u is divided by 161.
160
Suppose 0 = 4*u - 18 - 106. Let n = -5165 - -5192. What is the remainder when u is divided by n?
4
Suppose -p + 2*s + 4 = 0, -3*s + 5 - 32 = 2*p. Let g = 3 + 51. What is the remainder when g is divided by (8/24 + (-5)/3)*p?
6
Suppose -49*j + 44*j = -30. Suppose j*b - 211 - 77 = 0. Calculate the remainder when b is divided by 9.
3
Let d = -35 + 111. What is the remainder when d is divided by 27?
22
Let n(u) = -128*u - 2085. What is the remainder when n(-19) is divided by 192?
155
Suppose 3*h - 4*d = 539, 93*d - 97*d = 3*h - 499. What is the remainder when h is divided by 33?
8
Let j(d) = 3*d**2 - 26*d - 86. Calculate the remainder when 100 is divided by j(-3).
5
Suppose 2*v - 4*r = -2*v + 196, v - 4*r - 43 = 0. Calculate the remainder when 112 is divided by v.
10
Let j(z) = 9*z**2 + 4*z - 3. Let p be j(2). Let n = p + -40. Suppose -h - n = -11. Calculate the remainder when h is divided by 3.
1
Suppose 8 = -s + 4*g + 62, -44 = -s + 2*g. Suppose -4704 = -50*l - 2204. What is the remainder when l is divided by s?
16
Suppose r = v + 1, 5*r - v = 14 + 3. Suppose 0 = r*b - 306 + 82. Calculate the remainder when b is divided by (2 + -3)*-6 - -4.
6
Suppose 826 = 5*f - 139. Let z = f - 169. Suppose 0 = -l + 65 + 29. Calculate the remainder when l is divided by z.
22
Let q = -2 - -5. Let w = -937 - -568. Let f = w - -372. Calculate the remainder when q is divided by f.
0
Let g be (-2)/(((-28)/8)/7). Suppose u - 205 = -g*u. Calculate the remainder when (-1962)/(-8) - 43/172 is divided by u.
40
Suppose -206 - 34 = -8*t. Suppose -10*u - 1500 = -t*u. What is the remainder when u is divided by 21?
12
Let j(k) be the third derivative of 3*k**4/8 + k**2. Suppose -116*l - 464 = -174*l. What is the remainder when j(3) is divided by l?
3
Let n(k) = 29429*k + 11 + 14 - 3 + k**2 - 3 - 29443*k. Suppose 12 = 4*d - 48. Calculate the remainder when n(d) is divided by 9.
7
Let w(i) = 2*i**2 + 39*i - 76. Let z(o) = -2*o**2 - 37*o + 74. Let d(n) = -4*w(n) - 3*z(n). What is the remainder when d(-24) is divided by 5?
0
Suppose -3*i + 1557 = 4*t, -99*t = 2*i - 96*t - 1038. Calculate the remainder when i is divided by 8.
7
Let r(w) = -18*w - 295. Let m = 665 - 682. What is the remainder when 307 is divided by r(m)?
10
What is the remainder when 14722 is divided by 1/(-1)*74/24*-3*4?
33
Let c = 62 - 43. Suppose 4*t - 5*t - d = -9, -35*d = -34*d. Calculate the remainder when c is divided by t.
1
Suppose t = -5*g - t + 59, 2*t = 4*g - 58. Calculate the remainder when 479 is divided by g.
11
Let n = 29173 + -27698. What is the remainder when n is divided by 730?
15
Suppose 0 = 35*x - 30*x + 194 - 819. What is the remainder when 3375 is divided by x?
0
Let q be -4*(8/12)/(16/(-18)). Let d(p) = 18*p - 27. Let l(j) = 52*j - 81. Let v(u) = 7*d(u) - 2*l(u). What is the remainder when v(q) is divided by 11?
6
Let r = 12077 - 9719. Calculate the remainder when r is divided by 9.
0
Let g(w) = w**2 + 4*w - 3. Calculate the remainder when 1/7*(127 - -468) is divided by g(4).
27
Let j(q) = -q**3 - 6*q**2 + 3*q - 5. Let r be 21*((-40)/15)/8. Let h = -29 - -94. What is the remainder when h is divided by j(r)?
19
Suppose h - 54*a + 53*a - 5 = 0, -h + 21 = a. Let s(t) = -t**3 + 7*t**2 - 4*t + 3. What is the remainder when s(4) is divided by h?
9
Suppose b - 403 = 5*d - 280, 2*b + 5*d - 201 = 0. Calculate the remainder when 258 is divided by b.
42
Suppose -7*z + 17 = -1138. Calculate the remainder when z is divided by (171/(-6))/((-27)/4 - -6).
13
Suppose -3*v + 83 = -2*n, 3*n = -14*v + 18*v - 113. What is the remainder when 1652 is divided by v?
19
Let z = 116 - 94. What is the remainder when 137 is divided by z - 13 - (-6 - 1)?
9
Let w(p) = -2*p**2 + 6*p. Let g be w(3). Suppose g = -81*o + 88*o - 77. Calculate the remainder when o is divided by 5.
1
Let g = 8053 + -7751. Calculate the remainder when g is divided by 99.
5
Let s = -21959 + 21962. Let y(g) = g**2 - 7*g - 6. What is the remainder when y(-7) is divided by s?
2
Let s be (30 + -28)*(2 + 0 + -1). Suppose 0 = -s*c + 5*l + 24, -2*l + 83 = 5*c - 3*l. Let p = -9 + 19. What is the remainder when c is divided by p?
7
Suppose -2*t = -2*d - 602, -3*d = -13*t - 633 + 4576. Calculate the remainder when t is divided by 61.
60
Suppose -3*p = -2*q - 176, 110 = 4*p + q - 110. Let b(a) = 7*a - 12. Let y be (-16)/6*(-126)/56. Calculate the remainder when p is divided by b(y).
26
Let o = -8081 + 8102. What is the remainder when 523 is divided by o?
19
Let r(l) = -5*l**3 + 25*l**2 - 11*l + 91. Let h be (-3)/(-12)*-35*-4. Let u = -15 + h. Calculate the remainder when r(5) is divided by u.
16
Suppose 151*q + 5*b = 148*q + 94, -3*q = -4*b - 49. What is the remainder when ((-12)/4)/((-2)/24) is divided by q?
13
Let c = -6318 + 6324. Calculate the remainder when 375 is divided by c.
3
Let b(o) = 2*o**2 - 96*o + 736. What is the remainder when b(78) is divided by 14?
12
Let t(q) = -q**3 - 7*q**2 + q + 29. Let v = -281 + 274. What is the remainder when 80 is divided by t(v)?
14
Let o = -529 - -537. Suppose -260 = -o*r - 18*r. Suppose 18 = -g + 4*g. What is the remainder when r is divided by g?
4
Let t be (8 + -6)/(18/99). Suppose t*v - 312 = -v. What is the remainder when 129 is divided by v?
25
Suppose 38*a = 963 + 481. Suppose -2*h + 582 = 4*f, 4*f - 3*h = 516 + 41. Calculate the remainder when f is divided by a.
29
Let g = -406 - -408. Suppose k + m + 15 = 112, 174 = g*k + 7*m. What is the remainder when k is divided by 22?
13
Let r(z) = 4*z**2 - 67*z - 32. Suppose -3*c = m - 8 + 1, 0 = m + c - 17. What is the remainder when r(m) is divided by 54?
52
Suppose q = -2*q. Suppose -9*p = -q*p - 297. What is the remainder when p is divided by 4?
1
Suppose -5*d - 2*b = -1506, -1516 = -5*d - 84*b + 87*b. What is the remainder when d is divided by 53?
37
Let r be (-10 - 0)*19/(-2). Let j = -78 + r. What is the remainder when 99 is divided by j?
14
Let i(k) = -25*k + 54. Let c be i(-6). Suppose 130*n - c = 127*n. What is the remainder when n is divided by 23?
22
Let a = -113 + 217. What is the remainder when ((-36076)/232)/(1/(-4)) is divided by a?
102
Let t(n) = 16*n**3 + 47*n**2 - 9*n - 5. Calculate the remainder when 188 is divided by t(-3).
6
Suppose 0 = -11*k - 9*k + 360. Let t(p) = 13*p**2 + 5*p + 4. Calculate the remainder when t(-3) is divided by k.
16
Let h(w) = 40*w**2 - 8*w + 3. Let b = -240 - -357. Let t = 256 - b. Calculate the remainder when t is divided by h(1).
34
Let a(c) = 29*c - 195. Let s be a(7). What is the remainder when 374 is divided by (26 - s) + 4/(-8)*0?
14
What is the remainder